 8. Let b be 44/m*100/40. Calculate the highest common factor of 2 and b.
2
Let d(j) = -j**3 - 11*j**2 - 21*j - 13. Let b be d(-8). Suppose 0 = s - 5, -s - 43 + 2 = y. Let v = b - y. What is the highest common factor of v and 1?
1
Let u be 82 - (1 + 6/(-1)). Let i = -52 + u. Calculate the highest common divisor of i and 7.
7
Let d(x) = -93*x + 4841. Let p be d(47). What is the greatest common divisor of p and 564?
94
Let q = 15955 + -9564. Calculate the greatest common divisor of 77 and q.
77
Suppose v + x = 5566, -3*v - 295*x + 290*x = -16698. What is the highest common factor of v and 92?
46
Let l(u) = 2*u**2 - 8*u + 28. Let o be l(7). Suppose 0 = -118*w + 115*w + 168. What is the highest common divisor of w and o?
14
Let b(a) = -6*a**3 + 19*a**2 + 4*a + 8. Let w be b(5). Let j = -212 - w. What is the highest common divisor of j and 21?
7
Suppose 2*n = -5*x - 90, 0 = 5*x - 20. Let f = n - -51. Let g be ((-66)/15 - -2)/(f/30). Calculate the highest common factor of 6 and g.
6
Suppose 13781*h = 13765*h + 1612 + 500. Calculate the greatest common divisor of 737 and h.
11
Let c be (-6)/(240/(-590)) + 15/(-20). What is the greatest common divisor of 17794 and c?
14
Let f(v) = -2*v + 3*v + 12 - 5*v. Let y be f(0). Let j be y - (-2 - -4 - 1). Calculate the greatest common divisor of 11 and j.
11
Let j = -183 + 309. Let m be 6 + -5 + (0 - -2). Suppose -5*y - 38 + 96 = -3*s, y - 26 = -m*s. What is the greatest common factor of y and j?
14
Suppose 0 = 3*g + 3*d - 285, 2*g + 27*d - 30*d = 215. What is the greatest common divisor of g and 52?
4
Suppose -3*c - 3*q = c - 101, -5*c - 4*q = -126. Let s = c - -280. What is the highest common divisor of s and 34?
34
Suppose -341*r - 1446 = -344*r. Let t be r/2 + -8 + -2. Let x = -11 + 32. Calculate the highest common factor of t and x.
21
Let m be (-1)/(3392/(-1130) - 12/(-4)). Suppose 2*w + m = 7*w. Let b = -105 + w. Calculate the greatest common divisor of 2 and b.
2
Let z = -153 + 160. Let d be ((-24)/(-5))/((-252)/(-1960))*6. What is the greatest common divisor of d and z?
7
Suppose 5*m + 716 = -3*b, -3*b - 709 = -7*m + 5*m. Let q = b - -247. What is the greatest common factor of q and 530?
10
Let n(b) = -b**3 - 87*b**2 - 521*b - 322. Let q be n(-81). Calculate the greatest common divisor of q and 14.
7
Let q be (6 + -7)/(45/(-2250)). Let r(o) = 23*o**2 - 2*o - 1. Let u be r(-4). Calculate the greatest common divisor of u and q.
25
Suppose -a + 1226 - 187 = -4*j, -5*j - 1330 = 5*a. Let q = 269 + j. What is the highest common divisor of q and 40?
8
Let b(y) be the second derivative of -3*y**3/2 - 8*y**2 + 2*y - 8. Let g be b(-3). Calculate the greatest common factor of g and 44.
11
Let g = -14963 - -14978. What is the greatest common divisor of g and 20715?
15
Let b be 440/15 + (-4)/3. Suppose 12 = -i + b. Suppose f = 91 - 11. What is the greatest common factor of i and f?
16
Let b(y) = -y + 18. Let i be b(-16). Suppose -i*n - 76 = -35*n. Suppose -4*d - 4*v = -d - n, -d - 5*v = -18. Calculate the greatest common factor of 7 and d.
7
Suppose -8*y = 7 + 9. Let w be (y + 6)*(-10)/(-8). Let q be 3 + -2 + (25 - w). Calculate the greatest common factor of 105 and q.
21
Let p(d) = 6*d + 2*d - 11*d + 4*d + 13. Let v be p(23). Suppose 4 = 2*n - 4. Calculate the greatest common divisor of n and v.
4
Let f be (-2 + (-8)/10)/(-7*(-16)/(-384440)). What is the greatest common factor of 7 and f?
7
Let h(y) = -25*y**3 - 5*y**2 + 22*y + 192. Let d be h(-6). Calculate the greatest common divisor of 72 and d.
24
Let m = 145 + -306. Let w = -151 - m. Calculate the greatest common divisor of w and 70.
10
Let r be (10/(-4))/(-5)*6. Let v be 32 + (-73)/(949/(-208)). Calculate the greatest common factor of r and v.
3
Suppose 0 = -2*r + 4*a + 14 + 42, 0 = 4*r + 3*a - 57. Let s = -140 - -146. What is the highest common divisor of s and r?
6
Let o = -47 - -49. Suppose 2*r + 7*y - 51 = 2*y, 2*r - 75 = 3*y. Calculate the highest common factor of o and r.
1
Suppose b + 6 = 16. Suppose -516*i + 336 = 3*a - 513*i, 2*i - 114 = -a. What is the greatest common divisor of a and b?
10
Let j be (-11017)/(-115) + 2/10. Suppose -7*b = -11*b + j. Suppose a + 11 = 2*d + 2, 2*d + 4*a - b = 0. Calculate the highest common factor of 48 and d.
6
Let x = -3256 + 4591. Calculate the highest common divisor of x and 30.
15
Let f = 3733 - 3634. Calculate the highest common factor of 1023 and f.
33
Let u = -85 + 100. Suppose -4*y + 12 = 0, 172 = 4*b - y + u. Let o be (-16)/b - 1/((-5)/97). What is the highest common factor of o and 19?
19
Let b = -36 - -42. Suppose -b*f + f = -35. Suppose -f*m + 180 = -5*m. What is the highest common factor of m and 10?
10
Suppose c + 2*w = 1941 - 454, 3*w - 7463 = -5*c. Calculate the highest common factor of c and 1040.
65
Let d = -24238 - -34534. What is the highest common divisor of 143 and d?
143
Suppose 6*c = 23306 - 12308. What is the greatest common divisor of 39 and c?
39
Let x = 5471 + 545. What is the highest common divisor of x and 188?
188
Let o = -23 + 39. Suppose 26*u = 25*u + o. Calculate the highest common factor of 8 and u.
8
Let s = 80 + -6. Let m = -10394 - -10505. What is the greatest common divisor of m and s?
37
Suppose -5*g - 3*v = -354, -3718*g = -3716*g - 3*v - 171. Suppose -6*h + 740 = -h. Suppose -5*r = -h - 2. What is the highest common divisor of g and r?
15
Suppose 5*a = 3*x + 884, 5*x = -7*a + 4*a + 510. Let f = 39 - 34. Suppose 102 + 23 = f*o. Calculate the greatest common factor of o and a.
25
Let t = -82 - -181. Suppose 12*d + 174 = 14*d. Let a = d + -78. Calculate the greatest common divisor of a and t.
9
Let c(r) = -39 + 54 - 18 + 14*r. Let v be c(7). Calculate the greatest common divisor of 19 and v.
19
Let q(l) = 2*l**2 - 501*l - 13163. Let u be q(-24). Let a be -1 - -1 - (-260 - 0). Suppose -5*h + a = -h. Calculate the highest common divisor of h and u.
13
Let o(h) = 3*h - 714. Let u(r) = -2*r + 474. Let j(p) = 5*o(p) + 8*u(p). Let g be j(38). Calculate the greatest common divisor of g and 46.
46
Let d be ((-2820)/(-846))/(10/102). What is the highest common factor of 153 and d?
17
Suppose -23*h + 5106 + 55894 = 38*h. Calculate the highest common divisor of 1400 and h.
200
Suppose 68 = 5*t - 72. Suppose 152 = 2*x - 16. Suppose x = q - 224. What is the greatest common divisor of q and t?
28
Let f be (-69)/(-9) - 8 - (-11881)/3. What is the greatest common divisor of f and 176?
88
Suppose 749 = 22*p - 2331. Calculate the highest common divisor of p and 3668.
28
Let l = -6207 + 6411. What is the highest common factor of 2958 and l?
102
Let m = 16 + 17. Let i be -3 - 4/(-4) - -56. Let k = i + -43. Calculate the highest common factor of m and k.
11
Suppose 71 + 23 = 8*j - 106. Calculate the greatest common factor of j and 67325.
25
Suppose 2122 = 53*v - 394 + 502. What is the highest common divisor of v and 22781?
19
Suppose 0 = -4*t + 2*r + 10, -4*t = -77*r + 74*r - 11. Calculate the highest common factor of 107 and t.
1
Let x = -6 - -20. Let i(l) = -11 + 32*l**2 + 0*l**3 - 28*l**2 - 3*l + l**3. Let u be i(-3). What is the highest common divisor of u and x?
7
Let m be 1 - 963/(36/(-4)). Suppose w = 30 + 32. Suppose -w = -5*v + 298. What is the greatest common divisor of m and v?
36
Let q = -6719 + 6731. Calculate the highest common divisor of 3588 and q.
12
Suppose 4 - 12 = -4*t + 2*g, -g = -4*t + 8. Let b be 107 - 20 - -3*2/t. Calculate the highest common factor of b and 10.
10
Let w be -5 + 5 - -273*1. Let b = w - 194. Let s = 169 - b. What is the highest common factor of 18 and s?
18
Suppose -526 = g + 978. Let z = 2341 + g. What is the greatest common divisor of z and 27?
27
Let c be 4/((-3736)/(-744) + -5). Calculate the greatest common divisor of c and 102.
6
Suppose -476*j = -456*j - 280. Calculate the highest common divisor of 5558 and j.
14
Let u be ((-22)/44)/((-3)/1518). Calculate the highest common divisor of 176 and u.
11
Let j be (-3)/3*-78*((-416)/(-48) - -10). What is the highest common factor of j and 224?
112
Let t(j) = j**3 + 3*j**2 - 19*j - 7. Let x be t(-6). Let h be (x/5)/((-12)/60)*435. What is the highest common divisor of h and 15?
15
Let t be (-2*(-2)/12 - (-234)/108)*162. What is the greatest common factor of t and 20?
5
Let c = 16392 + -16330. What is the h